 - 2. Let o(x) = d(x) - 2*f(x). Is o(-7) composite?
False
Suppose 4*z - 2*t + 56 = -6, 5*z + 70 = -5*t. Let h = z + 24. Suppose -5*d + 4*d = -h. Is d a prime number?
False
Suppose 5*w + 28 = 78. Suppose 5*o - 5*l = w, 8 = -2*o + 5*o - 4*l. Suppose -2*y + o*y = -286. Is y prime?
False
Let h = 7 + -6. Is -3 - -80*(3 - h) composite?
False
Let z = 187 + -115. Let x = 151 - z. Is x composite?
False
Suppose -3*y = y + z - 1063, 0 = -y + z + 262. Suppose -4*r + 517 = 5*q, -5*r - 3*q + 391 = -y. Is r composite?
True
Suppose 0*u = -5*u + 2215. Is u a composite number?
False
Let r be (-3)/15 - (-33)/15. Let v(f) = 2*f**3 - 3*f**2 - 3 - r*f - 2*f**2 + 4*f - 4*f. Is v(4) a prime number?
True
Suppose 4*v = 51 - 375. Let o = v + 155. Is o a prime number?
False
Is (-21)/(-28) - 4193/(-4) a composite number?
False
Let g be 255*(1 + -4 + 4). Suppose -g = -5*o + 450. Is o prime?
False
Suppose 235 + 76 = m + 4*y, 4*m = -4*y + 1268. Is m a prime number?
False
Let o(p) = -p**3 + 9*p**2 + 6*p. Let m be o(8). Is ((-194)/(-8))/(4/m) a prime number?
False
Let y = 317 + 62. Is y a composite number?
False
Let n = 469 - 230. Suppose 0 = 5*o + 69 - n. Is o composite?
True
Suppose -l = -5*l. Suppose 4*y - 3132 + 536 = l. Is y composite?
True
Let w = 24 - 16. Let c = w + -3. Suppose 4*u = -c*r + 1061, 3*u - u + 410 = 2*r. Is r a composite number?
True
Let l(p) be the second derivative of -193*p**5/20 + p**4/6 + p**3/3 + p**2/2 + 7*p. Is l(-1) a composite number?
True
Suppose -2*k + 114 = -5*p - 1353, -3*p = 5*k - 3745. Is k a prime number?
False
Let r be 1 + 0 + 3/3. Let i(y) = -5 + 5 - r*y - 8 + 0*y. Is i(-7) a composite number?
True
Let k = 62 + -36. Is k a prime number?
False
Suppose 2*g - g - 5*q = 122, -q = -2*g + 226. Suppose o - 28 = g. Suppose -3*t + 3*b + 108 = 0, -5*t - 4*b = -b - o. Is t a composite number?
False
Let i(j) = 540*j**3 + j**2. Is i(1) a composite number?
False
Let y be 6/(-4) - (-230)/(-4). Let c = 152 - y. Is c composite?
False
Let s(u) = 146*u**2 + 2*u + 1. Let k be s(-1). Suppose 3*b = k - 40. Is b a prime number?
False
Suppose -5*o + 2*o = -273. Is o a composite number?
True
Let w be (-1)/(-6) - 87/(-18). Suppose -w*q + 14 = -21. Is q a composite number?
False
Let q(g) = -g**3 + 9*g**2 + 4*g + 7. Is q(7) composite?
True
Let f be (-10 + 7)*10/(-6). Let g be -2 + 3 - 18 - -1. Let l = f - g. Is l composite?
True
Let r(y) = -2817*y + 2. Is r(-1) a composite number?
False
Let j(k) = -76*k - k - 63*k + 1. Is j(-1) a composite number?
True
Let i = -7 - -10. Suppose 0*a - i*a = -75. Is a composite?
True
Let h(i) = -i - 2. Let y be h(-5). Let w = 5 - y. Suppose 3 = -w*u + 5*z + 56, 0 = -4*u + 5*z + 91. Is u a composite number?
False
Suppose -2*r - 9 = -3*r. Suppose 5*l - 6 = r. Suppose 2*k = -l*p + 55, -k - 5*p - 77 = -5*k. Is k composite?
False
Suppose 0 = 3*k - 3*l - 5130, 8549 = 10*k - 5*k - 4*l. Is k composite?
False
Suppose o = -0*i + 3*i + 55, 152 = 4*o + 5*i. Is o composite?
False
Let l(u) = u**2 - 6*u - 2. Suppose 32 = 3*v - s + 6, 0 = 2*v + 5*s + 11. Let b be l(v). Suppose 3*r + 6 = b*r. Is r prime?
True
Let m(c) = -19*c. Let l(r) = -9*r. Let p(d) = 13*l(d) - 6*m(d). Let f be p(2). Is ((-148)/(-6))/((-4)/f) prime?
True
Let x(d) = -d**3 + 10*d**2 - 10*d + 9. Let c be x(9). Suppose 2*p + i + 11 = c, -17 = 2*p + 6*i - 3*i. Is 1266/p*2/(-3) prime?
True
Let f be (1 - 0)/(4/8). Suppose 4*x + 2*c = -4, 13 = -x - 5*c + 3. Suppose -3*p + 86 = -4*h - 0*h, -f*p - 2*h + 34 = x. Is p a composite number?
True
Let k = 277 - 124. Let s = k - -12. Suppose 0 = -4*n - n + s. Is n composite?
True
Suppose -4*j - 1 = -o - 2, o - 2*j - 7 = 0. Let x = o + -10. Let f(r) = -r**3 + 5*r**2 + 6*r + 5. Is f(x) a composite number?
True
Let t(v) = 4*v**3 - 2*v**2 - 5*v + 2. Is t(4) a prime number?
False
Let l(q) = 2*q**3 + 3*q**2 - 5*q + 7. Is l(5) a composite number?
False
Suppose 0 = -i + 26 + 225. Is i composite?
False
Suppose 4 = -3*v + 4*v. Suppose -v*l = -5*s + 619, -4*s + 0*l + 3*l = -496. Is s a prime number?
True
Let h = -32165 + 45760. Is h prime?
False
Suppose 4*h = -0*h + 8. Let y = h - 1. Suppose f - y = 8. Is f a prime number?
False
Let j(z) be the first derivative of z**4/4 + 2*z**3/3 - 3*z**2/2 + 3*z - 2. Is j(-3) a prime number?
True
Let x be (8/(-10))/((-4)/30). Suppose x*g + 4 = 2*g. Is 211 - (-3 - (-4 - g)) prime?
True
Let j(d) = 4*d**2 + 13*d + 8. Let t(c) = 7*c**2 + 25*c + 17. Let q(m) = -5*j(m) + 3*t(m). Is q(10) a prime number?
True
Let c = 70 - -69. Is c prime?
True
Let p(c) = 1828*c**3 - c**2 + 4*c - 2. Is p(1) a composite number?
True
Suppose 2 + 10 = 4*p. Suppose p*x - 12 = -x, -d - 5*x = -17. Suppose -o + d*o = 10. Is o a composite number?
True
Let s(r) = 3*r. Let p be s(1). Suppose p*c = -0*c + 42. Is c a prime number?
False
Let s(n) = n + 2. Let m be s(3). Let g(u) = 3*u**3 - 7*u**2 + u - 3. Is g(m) composite?
True
Suppose 0 = l - 0 - 4. Suppose -l*m = -82 - 138. Is m composite?
True
Suppose 0 = f - 5*l - 2094, -3*f + 4*f = 3*l + 2104. Is f a prime number?
False
Let w(t) = 2*t**2 - 2*t + 6. Let x be w(-8). Suppose 3*y - x = -2*y. Suppose -4*p = -2*g + 130, 0 = -5*g + 4*p + 313 + y. Is g a composite number?
False
Suppose -2*a = 10, -2*a = 4*c + 2*a. Let l = 6 + -4. Let z = c - l. Is z a composite number?
False
Suppose 5 = w + 22. Suppose 6*c = 2*c + 16. Let y = c - w. Is y composite?
True
Let p(b) = 6*b**3 - 4*b**2 - 4*b + 3. Is p(4) a prime number?
True
Let b = 42 + -25. Let v = b + -6. Is 24/(-2)*v/(-4) a composite number?
True
Suppose 0 = -4*j - 3 - 9, -2*j + 201 = 3*o. Is o prime?
False
Suppose -3*l + 12 = -l. Suppose 0 = x + 2*n - 423, -3*n + l*n + 1233 = 3*x. Suppose -2*u + x = 3*u. Is u a composite number?
False
Suppose 0 = 5*f - 4*m - 2803, -f - m + 657 - 91 = 0. Is f a prime number?
True
Let g(o) = 2*o - 4*o - 2 + 5*o + o**2 - 3*o**3 + o**3. Let t be g(3). Is 104/4*t/(-4) composite?
True
Suppose 0 = -6*b + 3019 + 311. Let w = 196 + -486. Let f = b + w. Is f a prime number?
False
Let u = 3 + 0. Let m(s) = -3 + 2*s**2 + 4 + 2*s**2. Is m(u) prime?
True
Suppose -5*o = -4*p - 16, 0 = -0*o + 4*o + 5*p + 20. Suppose o = -2*s + 86 + 92. Is s composite?
False
Let o = 1254 + 5. Is o a prime number?
True
Let f(r) = 6*r**3 - 2*r**2 + r - 3. Let v(k) = -1. Let d(m) = f(m) - 3*v(m). Let i be d(1). Suppose 175 = 3*q - 5*s, 85 - 358 = -i*q - s. Is q a prime number?
False
Let a = 392 + -133. Is a composite?
True
Let k = -99 + 320. Is k prime?
False
Let q = -8 + 12. Suppose 0 = 5*o + 15, -q*a - o + 58 = -3*o. Is a a composite number?
False
Is ((0 + 0)/3 - 1)*-521 a composite number?
False
Let r be (-3)/(2/((-6)/3)). Suppose -220 = -j - r*j. Is j composite?
True
Let j(l) = l**3 - 3*l**2 + 19*l + 16. Is j(11) a composite number?
False
Let h = 115 - -3406. Is h prime?
False
Suppose 4*x - 289 = 135. Is x a composite number?
True
Let o = -151 - 42. Let a = o + 270. Is a a prime number?
False
Suppose -5*y + 50 = -5*r, -2*y - y + 5*r = -32. Suppose 4*o = -8, -4*d = -y*d - 3*o + 409. Is d prime?
True
Let z be ((-20)/6)/((-1)/3). Let s be 12/z*(-220)/(-6). Suppose 2*a - s - 90 = 0. Is a prime?
True
Let l = -67 - -101. Is l a prime number?
False
Let m be -2 - -2 - 5*-7. Suppose v - 61 = 3*p, -2*p - 4*v - 29 = m. Is p/(-1 - (-1 - -2)) prime?
True
Suppose 2*v + 3*y - 11 = 0, -5*y = -2*v - v + 26. Suppose 2 = -6*b + v*b. Is 119/b*(2 + 0) a composite number?
True
Let r = 25 + -23. Suppose -r*z + 324 = 5*f, z - 3*z + 306 = -4*f. Is z a composite number?
False
Suppose -12*t + 6906 = -10*t. Is t composite?
True
Suppose 2*j + 3 = 9. Suppose -j*k + 607 = u + u, -4*u - k + 1189 = 0. Is (-1)/(-3) - u/(-12) prime?
False
Let j be 355/(-2) + (-2)/4. Let x = 294 + -561. Let d = j - x. Is d a composite number?
False
Suppose -5*s + 61 = -4*q, 6*s = 3*s + 5*q + 47. Let t = 10 - s. Is (0 + t)/((-1)/(-15)) composite?
True
Let d(y) = -y**2 + 8*y + 1. Let x be d(6). Let i = -6 + x. Is i prime?
True
Let h = 22 - -91. Is h a composite number?
False
Suppose 0 = -3*s - g + 13, 3*s - 5*g + 3 = -2*g. Suppose 4*u - 1056 = -r, -s*r + r - 273 = -u. Is u prime?
False
Let x(s) be the first derivative of s**3/3 - 3*s**2 + 2*s + 1. Is x(-5) prime?
False
Suppose 3*a + 0*a - 6 = 0. Let l be (a + 35)*(0 - -1). Is l - (-2 - -2)/3 prime?
True
Suppose -4*v = 2*i - 22 + 4, -2*i = 3*v - 13. Let g(k) = k